6. What is the tens digit of v?
9
Let f(n) = 2*n**2 + 27*n + 133. Let s be f(-8). What is the tens digit of (s/135)/(2/132)?
2
Let a = -5416 - -10024. What is the tens digit of a?
0
Let k(j) = 17*j**2 + 13*j + 23. Let l be k(-7). Suppose -9*x - l = -3915. What is the units digit of x?
0
Let j be 9*-3*24/(-108). Let w(t) be the second derivative of t**4/12 + 17*t**3/6 - 27*t**2/2 + 3*t. What is the units digit of w(j)?
1
Suppose -4*o + 64 = 5*h, -4*o = -5*o - h + 17. Suppose -7*t = -o*t. Suppose -g + t*g + 175 = 0. What is the tens digit of g?
7
What is the tens digit of 1 + (809/2)/((-82)/(-2132))?
1
Let s = -105 - -159. Suppose -93 = -w + s. What is the units digit of w?
7
Let o(r) = 279*r + 159. What is the hundreds digit of o(14)?
0
Suppose -37*t + 58597 + 20962 = -54973. What is the tens digit of t?
3
Suppose 286*z - 1306760 = 1306994. What is the thousands digit of z?
9
What is the tens digit of (76/(-19) - (-7)/14) + 524108/8?
1
Suppose -2*a = t + 3*t + 10, 4*t - 15 = 3*a. Suppose 3*l + 4*m + 11 = t, l - 4*m - m - 28 = 0. Suppose l*i - 108 - 96 = 0. What is the tens digit of i?
6
What is the units digit of ((6/(-15))/(64/11120))/((-1)/82)?
9
Suppose t + 234 = 2*m, -4*t - 3*m - 960 = m. Let i = t + 369. What is the tens digit of i?
3
Suppose 0 = 4*y + 2*y - 18. Suppose -y*m - 195 = -3*i, i = -m - 49 - 10. Let s = -37 - m. What is the tens digit of s?
2
Suppose 22*f - 239610 = 300389 - 31227. What is the ten thousands digit of f?
2
Let d(b) = -4*b**3 - 11*b - 21. Let i be d(-6). Suppose 5*t + i = 5*w + 2*t, -5*t = 2*w - 345. What is the units digit of w?
0
Suppose -4*z - h + 31761 = 0, 23842 = 3*z - 16*h + 21*h. What is the thousands digit of z?
7
Suppose -8 = 12*a - 14*a. Suppose -a*x = -7*x + 30. Suppose x + 12 = j + 3*i, 2*j - 4*i + 6 = 0. What is the units digit of j?
7
Suppose x - 3*m + 42 = 5*x, 0 = 5*x + 5*m - 55. Let j(q) = -4*q**3 - 11*q**2 - 8*q + x + 2*q**3 + 3*q**3. What is the units digit of j(12)?
7
What is the units digit of 6/9*(50 + 7219)?
6
Suppose 5*q = -4*g + 5346, -4*g - q - 375 = -5697. What is the tens digit of g?
2
Let q be (-1)/((-15)/125)*3. Suppose 5*f - q = 0, 13*c - 3*f - 21 = 12*c. What is the units digit of c?
6
Suppose 2*f - 28237 = 36049. What is the hundreds digit of f?
1
Let g(j) = j**3 + 36*j**2 + 145*j - 4680. What is the thousands digit of g(28)?
9
Let m(a) = 8*a**2 - 44*a. Let o be m(16). Suppose -245*j + 252*j = o. What is the hundreds digit of j?
1
Suppose 0 = -4*s + 8*s - 44. Suppose -s*r + 20 = -7*r. What is the units digit of 63 + (3 - 25/r)?
1
Let z(o) = 4*o**2 + 40*o - 126. What is the hundreds digit of z(22)?
6
Suppose -3*c + 172182 = 33*f - 31*f, -57414 = -c - 4*f. What is the thousands digit of c?
7
What is the tens digit of 4*((-8)/((-384)/63612) - 7)?
7
What is the thousands digit of 5775 + -7 + (-14 - -13)?
5
Suppose -w - 1420 = -3*f, 1019 = 3*f + 2*w - 398. Suppose -f = -5*i - 33. Suppose 4*z + 4*a - 112 = 0, -4*z - 2*a = -32 - i. What is the units digit of z?
2
Let t(d) = -d**3 - 8*d**2 - 13*d - 2. Let v be t(-4). What is the units digit of 41/(6/60 + v/(-60))?
3
Let u(d) = 14*d**2 - 7*d + 17. Suppose -5*q + 2*i - 50 = 0, -4*q = 4*i + 57 + 11. Let p be -2*(90/q)/5. What is the tens digit of u(p)?
2
What is the units digit of 1 - 32/5*(-7 + -33)?
7
Let v be ((-30)/(-5) - -215)/(-1). What is the hundreds digit of v/(-5)*(5 - 0 - 0)?
2
Let m(x) = -x**3 - 15*x**2 + 33*x - 25. Let z be m(-17). Let h(f) = 11*f**2 + 15*f + 125. What is the tens digit of h(z)?
0
Let w be ((-6)/(-9))/(13/((-2535)/(-2))). Let y = w - -421. What is the units digit of y?
6
What is the units digit of (-660)/(-110)*(-2 - -1563)?
6
Suppose -4*b = -l - 6636, 0 = -6*b + b + l + 8295. What is the hundreds digit of b?
6
Suppose -8*w + 2*w + 30 = 0. Suppose 3*z + 1038 = 5*r + 134, 2*r - 354 = w*z. What is the tens digit of r?
8
Let p(f) = -f**2 - 17*f - 39. Let g be p(-9). Suppose -2652 = -2*k + 4*m, g*m - 5290 = -4*k + 34*m. What is the thousands digit of k?
1
Suppose -2*v - 3*b + 23080 = -7*b, -4*v + 46160 = -b. What is the units digit of v?
0
Suppose 1166950 + 5236007 = 363*w. What is the hundreds digit of w?
6
Let j be 10/(-3)*(-33)/(-22). Let o = -5 - j. Suppose 14*s - 6*s - 664 = o. What is the units digit of s?
3
Let p(d) = -2*d**3 + 6*d**2 - 4*d - 4. Suppose -172 = 2*k - 6*k. Let w = 40 - k. What is the hundreds digit of p(w)?
1
Suppose 2*l + 488110 = 2*l + 35*l. What is the ten thousands digit of l?
1
Let b(c) = -21*c**2 - 4*c - 9. Let z(d) = 10*d**2 + 2*d + 4. Let q(f) = 4*b(f) + 9*z(f). Let g be q(-1). What is the tens digit of 6448/155 + (0 - g/(-10))?
4
Let k = 49 - 45. Suppose 164 = -2*r + 3*l, -k*r = -r - 2*l + 241. Let c = r - -222. What is the units digit of c?
3
What is the hundreds digit of ((-140)/15)/(6/3843*-7)?
8
Let h(k) = -152 + 59 + k + 16*k**2 + 4*k - 5*k**2 + 71. What is the hundreds digit of h(5)?
2
Suppose -43 = 9*o + 128. Let w(d) = -d**3 - 17*d**2 - 10*d - 62. What is the tens digit of w(o)?
5
Suppose -120839 = -3*t + 845*u - 841*u, 0 = -3*t - u + 120814. What is the ten thousands digit of t?
4
What is the tens digit of (-39846)/(-8) - 618/824?
8
Suppose 14188 = 69*g - 11*g - 5242. What is the tens digit of g?
3
Let u be 10/45 + (-7032)/54. Let h = 182 - u. What is the units digit of h?
2
Let m(q) = -15*q**2 + 5*q - 3*q - 30 + q**3 + 12*q**2 + 11*q**2. Let u be m(-7). Suppose -u*r = -2*r - 243. What is the tens digit of r?
8
What is the tens digit of ((9 - 26)/119)/(2/(-7))*778?
8
Let j be 2/(4/(-6)*21/(-18641)). Let s = j + -4543. What is the units digit of 0 - (-4)/18 - s/45?
2
Let r be (22 + 83)*1*17. Suppose -19*p - r + 6288 = 0. What is the tens digit of p?
3
Let l be 24*((-26)/(-8) + -3) - 4. Suppose -l*h = 11*h - 11518. What is the hundreds digit of h?
8
Let q(k) = -93*k + 105. Let a be q(-6). Suppose 5*u - 822 = 5*g + 823, -2*u + 3*g + a = 0. What is the units digit of u?
4
Let r(j) be the second derivative of -3*j**3 - 66*j**2 + 6*j + 3. What is the tens digit of r(-43)?
4
Suppose -2*q = x - 0*x - 369, x = 3*q - 546. Let s(f) = -79*f. Let g be s(-1). Let a = q - g. What is the units digit of a?
4
Let j(i) = 230*i + 187. What is the tens digit of j(15)?
3
What is the units digit of (6 + 0)*(-11676)/(-9)?
4
Suppose 12 = -3*h, 0*d - 4*d - 40 = -4*h. Let y be (-15)/9*(1 + d/2). Let j = y - -2. What is the tens digit of j?
1
What is the units digit of 179428/31 + (2 - 3/(9/12))?
6
Let t(x) be the second derivative of x**4/4 - x**3 + 17*x**2/2 - 3*x - 5. What is the hundreds digit of t(-10)?
3
Let n be (-2)/8 + ((-495)/(-20))/3. What is the units digit of (307/(-3))/(n/(-6) - -1)?
7
Let b be (0 + (-4)/(-10))/(1/2360). Suppose 76 + b = 5*v. Let t = -92 + v. What is the hundreds digit of t?
1
Let k(y) = -2*y**2 - 6*y + 5. Let p be k(4). Let b = p - -18. Let i = -25 - b. What is the units digit of i?
8
Let l = -254 - -259. Let j(d) = 71*d - 81. What is the units digit of j(l)?
4
Suppose -3*h - 3*u + 9138 = 0, -h + 3062 = -29*u + 26*u. What is the thousands digit of h?
3
Let p(l) = -8*l - 32. Let m be p(-4). Suppose m = -5*g - 2*d + 65, 4*g - 3*g - 31 = -4*d. Suppose -767 - 498 = -g*a. What is the units digit of a?
5
Let z(u) = -u**3 + 21*u**2 - 2*u + 30. Let j be z(21). Let x = 8 + j. What is the units digit of 138 - (-1)/(x/(-12))?
1
Suppose -4*h - 11060 = 3*w - 8*w, -h - 5 = 0. What is the tens digit of w?
0
Let q = 10 + -2. Suppose -68 = q*h - 188. Let k = 110 - h. What is the tens digit of k?
9
Let i(j) = 2*j**3 - 6*j**2 + 5*j - 8. Suppose 0 = -97*h + 96*h + 1. Suppose -d + 3 = -h. What is the tens digit of i(d)?
4
Let g = 46 + -32. Let r(w) = -w**2 - 25*w + 1. Let f be r(-25). What is the tens digit of (g - (-6 + 3)) + f?
1
Let b be 44/(-110) - (-4)/10. Suppose -4*y + 5*m = 195 - 4295, 5*y + 3*m - 5162 = b. What is the thousands digit of y?
1
Suppose 2*a = -3*b + 14715, 2*b - 8359 = 4*a + 1483. What is the units digit of b?
9
Let c(z) = 40 + 131*z - 257*z + 125*z. Let j be c(-15). What is the tens digit of (4 + j/10)*20?
9
Suppose 5*w - 180 = -30. Let k = w + 137. What is the hundreds digit of k?
1
Let a(s) = -35*s + 5. Let x(v) = 12*v - 1. Let o(n) = -3*a(n) - 10*x(n). What is the units digit of o(-20)?
5
Let a(g) = -101*g**3 - 5*g**2 - 4*g. Let f be a(-1). What is the units digit